24504 and 816.
408
Calculate the highest common divisor of 560 and 10584455.
35
What is the greatest common factor of 60 and 83971956?
12
Calculate the greatest common divisor of 49704696 and 98640.
9864
Calculate the highest common divisor of 7062321 and 16164.
1347
What is the greatest common factor of 4914 and 470211?
21
Calculate the greatest common divisor of 5 and 3445565.
5
What is the highest common factor of 798482 and 2?
2
What is the highest common factor of 6031290 and 8280?
690
Calculate the highest common factor of 11886 and 149664.
6
What is the greatest common divisor of 156 and 58964516?
52
Calculate the highest common factor of 296139675 and 325.
325
Calculate the greatest common divisor of 272594 and 357.
7
What is the highest common divisor of 1275840 and 130242?
2658
Calculate the highest common divisor of 81246 and 42.
6
What is the highest common factor of 60 and 7280340?
60
What is the highest common factor of 712792763 and 97?
97
Calculate the greatest common factor of 2328329 and 89.
89
Calculate the highest common factor of 40 and 158990740.
20
Calculate the greatest common divisor of 13070 and 641737.
1307
Calculate the greatest common factor of 18944173 and 1468.
367
What is the greatest common divisor of 1180894 and 3718?
286
What is the greatest common divisor of 128 and 3380336?
16
Calculate the highest common divisor of 63426 and 1642.
2
Calculate the highest common factor of 7029636 and 2244.
204
What is the highest common factor of 64558 and 2791542?
338
What is the highest common divisor of 26888230 and 4940?
190
Calculate the greatest common factor of 1498726840 and 130.
130
Calculate the greatest common divisor of 121725 and 4401225.
225
Calculate the greatest common divisor of 671298 and 23638.
106
What is the greatest common divisor of 27469221 and 140784?
1257
Calculate the greatest common factor of 42278102 and 177.
59
Calculate the greatest common divisor of 20473 and 84547.
59
What is the highest common divisor of 171540 and 756180?
180
What is the highest common divisor of 607284 and 2052?
108
Calculate the greatest common factor of 744069665 and 115.
115
What is the highest common divisor of 18 and 12595383?
9
Calculate the greatest common divisor of 110670 and 101770830.
6510
Calculate the greatest common factor of 37888 and 3314016.
1184
Calculate the highest common factor of 235234450 and 1650.
550
Calculate the highest common factor of 15653845 and 3275.
655
What is the greatest common factor of 722245433 and 91?
91
What is the greatest common factor of 451 and 32181269?
41
What is the greatest common factor of 768 and 131440?
16
Calculate the highest common factor of 4777596 and 837.
837
What is the highest common divisor of 1092 and 169458?
6
Calculate the highest common factor of 130 and 65458870.
10
Calculate the greatest common divisor of 253913006 and 2.
2
Calculate the highest common factor of 137293 and 72865.
767
Calculate the greatest common divisor of 4051046 and 24682.
82
Calculate the greatest common divisor of 4287431892 and 68.
68
Calculate the highest common divisor of 101 and 72833827.
101
Calculate the highest common divisor of 10509 and 121362.
339
What is the highest common factor of 94994825 and 3238?
1619
Calculate the greatest common divisor of 1121429 and 6757.
233
What is the greatest common factor of 282 and 401939958?
282
Calculate the highest common divisor of 9538 and 713091.
251
Calculate the greatest common factor of 102920 and 185380.
620
What is the highest common divisor of 1140084 and 32796?
36
What is the highest common divisor of 4654644 and 12469?
337
Calculate the highest common factor of 158213 and 1254.
209
Calculate the greatest common factor of 230087 and 128788.
11
Calculate the highest common divisor of 483 and 993.
3
What is the highest common factor of 3693 and 429482359?
1231
What is the greatest common factor of 92684224 and 64?
64
Calculate the greatest common divisor of 34670288 and 1444.
76
What is the greatest common divisor of 1249200248 and 424?
424
What is the greatest common factor of 5444107 and 177?
59
Calculate the highest common factor of 9 and 65195199.
9
Calculate the highest common divisor of 32270 and 1480271.
461
What is the highest common factor of 1356231885 and 3295?
3295
What is the greatest common divisor of 3657674802 and 12322?
12322
What is the highest common factor of 3502080 and 70395?
285
Calculate the greatest common factor of 42 and 86826789.
21
Calculate the greatest common divisor of 4901193 and 4774.
341
Calculate the greatest common factor of 17328555 and 90.
45
What is the highest common divisor of 3531 and 6398216?
11
What is the greatest common factor of 59413 and 1503202?
59
Calculate the highest common factor of 283523 and 785621.
1249
Calculate the greatest common divisor of 1459955 and 590.
295
Calculate the highest common factor of 55 and 393545.
5
Calculate the greatest common divisor of 2609271 and 171157.
3493
What is the greatest common factor of 28762 and 200677?
73
Calculate the highest common factor of 98297941 and 28.
7
What is the greatest common divisor of 1355848 and 744?
8
What is the highest common divisor of 5955048 and 6180?
1236
What is the highest common divisor of 14796 and 11472?
12
What is the highest common factor of 6267750496 and 15904?
15904
Calculate the highest common factor of 83849200 and 400.
400
Calculate the highest common divisor of 5824 and 4778176.
832
Calculate the highest common factor of 526 and 239224274.
526
What is the greatest common factor of 8442727 and 102?
17
Calculate the greatest common factor of 8664 and 277438.
38
What is the greatest common divisor of 21726 and 2627639?
1207
Calculate the greatest common divisor of 101875 and 2102500.
625
What is the highest common factor of 334 and 379294742?
334
What is the highest common divisor of 671 and 5487163?
11
What is the highest common factor of 108602241 and 429?
33
Calculate the greatest common divisor of 84 and 1830871.
7
Calculate the greatest common factor of 76691 and 8.
1
Calculate the highest common divisor of 1293 and 51885935.
431
Calculate the highest common divisor of 126 and 36346989.
21
Calculate the greatest common factor of 228601773 and 332469.
19557
What is the highest common factor of 53342 and 156446?
358
Calculate the highest common divisor of 36535962 and 30168.
2514
What is the greatest common divisor of 235817 and 775?
31
What is the highest common divisor of 1738530 and 4185?
135
What is the highest common divisor of 3234517 and 793?
13
What is the greatest common divisor of 3233330 and 35?
5
Calculate the highest common divisor of 795124089 and 1557.
1557
What is the highest common factor of 62 and 1987351286?
62
What is the greatest common divisor of 1018908 and 81468?
1116
Calculate the greatest common factor of 44407 and 4598.
121
What is the highest common divisor of 190272 and 2160?
48
What is the greatest common factor of 13509 and 10890387?
711
What is the highest common factor of 30 and 98830?
10
Calculate the greatest common divisor of 8127306 and 306.
18
Calculate the highest common factor of 969551 and 802547.
4639
Calculate the highest common divisor of 9729444 and 684.
228
What is the greatest common divisor of 5 and 3255407?
1
What is the greatest common divisor of 78472 and 8704?
136
Calculate the highest common divisor of 134688730 and 628.
314
Calculate the greatest common divisor of 6719882 and 78.
26
Calculate the greatest common factor of 1015286 and 3407.
3407
Calculate the greatest common divisor of 414192 and 18768.
48
What is the highest common factor of 330 and 17793435?
165
Calculate the highest common factor of 913038 and 2702.
14
What is the greatest common factor of 324024 and 4072?
8
Calculate the greatest common divisor of 265812 and 309332.
68
What is the greatest common factor of 6828 and 11510301?
1707
Calculate the highest common factor of 23073712 and 80.
16
What is the greatest common divisor of 987692 and 28?
4
Calculate the highest common factor of 299 and 7608101.
23
Calculate the greatest common factor of 540 and 295580.
20
Calculate the highest common divisor of 146663121 and 957.
957
Calculate the highest common divisor of 115906 and 5950